 y = -f*z. What are the prime factors of z?
2
Suppose 0 = 2*t + 6 - 2. What are the prime factors of ((-96)/(-5) + -2)/(t/(-20))?
2, 43
Let o be (-6)/4*(-5)/15*40. Let n = o - -8. What are the prime factors of n?
2, 7
Suppose 4*h + 295 = 3*t, 2*h = 4*t - 69 - 311. Let n = 62 - t. Let x = 52 + n. List the prime factors of x.
3, 7
Let r = 7023 - 2713. List the prime factors of r.
2, 5, 431
Suppose 0*o = -2*o. List the prime factors of 35/(-5)*(o - 3).
3, 7
Let v(j) = -16*j**3 - 9*j**2 + 11*j - 11. What are the prime factors of v(-4)?
3, 5, 11
List the prime factors of ((-346)/6)/(-10*(-6)/(-3780)).
3, 7, 173
Suppose -4*i + 38 - 14 = 0. List the prime factors of (-26)/(-8)*(10 - i).
13
Suppose -4*q - 2*w + 1330 = 0, 11*q - 2*w = 16*q - 1663. List the prime factors of q.
3, 37
Suppose -2*d = -2078 - 278. List the prime factors of d.
2, 19, 31
Suppose 190 = u - 214. What are the prime factors of u?
2, 101
What are the prime factors of 28*99*(-64)/(-168)?
2, 3, 11
Let f(m) = -m**3 - 4*m**2 - 4*m - 1. Let i be f(-3). Suppose i*w = 7*w - 260. Let k = w + -22. What are the prime factors of k?
2, 3, 5
List the prime factors of 2*1305/(-18)*2/(-5).
2, 29
Suppose 2*b = 3888 + 440. List the prime factors of b.
2, 541
What are the prime factors of ((-1694)/8 + 4)/(6/(-16))?
2, 277
Suppose j - 5 = 0, -4*g + 2*j = 44 - 2. Let y = g + 13. List the prime factors of ((-44)/y)/(6/(-15)).
2, 11
Suppose -14*n + 2*x - 598 = -15*n, -4*n + 3*x + 2425 = 0. List the prime factors of n.
2, 151
Let k = -60 + 65. Suppose k*h - t = 869, -2*h + 577 = 3*t + 226. What are the prime factors of h?
2, 3, 29
Suppose 0 = -11*h + 3205 + 1921. What are the prime factors of h?
2, 233
Let l(b) = b**3 - 13*b**2 - 16*b. Let t be l(14). Let q = t + 18. Let u = q + 26. What are the prime factors of u?
2
Let s = 10 + -7. Suppose 0 = 5*k, -3*j - 2*j - s*k = -40. Suppose -3*r + 66 = -4*w, 4*w = -3*r - j + 74. List the prime factors of r.
2, 11
Suppose -9 = -n + 39. Let v = 521 + -506. Let j = n - v. What are the prime factors of j?
3, 11
Suppose -a + 291 = i - 3*i, -a + 5*i = -294. Let z = a - 167. List the prime factors of z.
2, 61
Suppose 7602 = 3*h - 4*l, 5*h + 62*l - 12656 = 64*l. What are the prime factors of h?
2, 5, 11, 23
Let o = 52 - 51. What are the prime factors of -3*((1*-26)/2)/o?
3, 13
Suppose -4*y = 4*m + 12, -4*y + 13 = -5*m - 20. Suppose -9 - 15 = 4*h - 4*q, 3*h + y*q = 2. List the prime factors of ((-12)/18)/(h/96).
2
Let w(q) = 2*q**3 - q**3 - q**3 - 8*q + 3*q**2 + 2 + q**3. List the prime factors of w(6).
2, 139
Let b = -707 - -1529. List the prime factors of b.
2, 3, 137
Let h = 499 + 719. What are the prime factors of h?
2, 3, 7, 29
Let q = -1209 + 2279. What are the prime factors of q?
2, 5, 107
Let d be 183/6 - 1/2. Let o be 12/d - 2/5. Suppose -3*x - 3*i + 79 = x, x + 3*i - 13 = o. What are the prime factors of x?
2, 11
Let j be 1*5*(-15)/(-15). Suppose -4*r = -4*o - 80, -10 = -5*o + j. What are the prime factors of r?
23
Let z be (9/(-6))/(9/(-12)). Let a be (-7 - -11)*z/4. Suppose -5*k + 4*k - a*p = -22, -4*k = 2*p - 88. What are the prime factors of k?
2, 11
Let y = -17 + 11. List the prime factors of (996/(-4))/((-9)/y - 3).
2, 83
Let c(b) = b**2 - 6*b - 14. Let o be c(10). Suppose 2*n - o = d, -4*n + 6*n - 34 = -3*d. Suppose -17 = -h + n. List the prime factors of h.
31
Let j(c) = -3*c - 4. Let a be j(-2). Suppose 135 = 3*d + a*o, -d = -o - 38 - 2. Let g = -20 + d. What are the prime factors of g?
23
Suppose -3*n + 5*g + 4478 + 1815 = 0, -5*n = -4*g - 10471. What are the prime factors of n?
3, 17, 41
Suppose 1250 = -69*f + 74*f. What are the prime factors of f?
2, 5
Let v = 630 + -335. What are the prime factors of v?
5, 59
Let z(g) = 5*g**2 + g + 2. Let m be -1 + 2 + (-11)/(-11). Let y be z(m). Suppose -6*i = -2*d - 3*i + y, 5*d - 86 = i. What are the prime factors of d?
2, 3
What are the prime factors of ((-129)/(-4))/((-201)/(-13400))?
2, 5, 43
Suppose -2*g - 2040 = -32*g. What are the prime factors of g?
2, 17
Suppose 5 = r, 0 = 5*o + 3*r - 0*r. Let a = 6 + o. Suppose 0 = -a*k + k + 16. What are the prime factors of k?
2
Suppose -5*f + 322 = c, -2*c = 3*c - f - 1584. Let n = c + -206. List the prime factors of n.
3, 37
Let s(z) = 2*z**3 - 3*z**2 + 2*z - 8. Suppose x = -2*k + 6, -8 = -3*k - 2*x - 0. List the prime factors of s(k).
2, 5
Let c = -227 - -147. Let g = c - -112. List the prime factors of g.
2
Suppose 8*z = z. Suppose 0 = -l - 3*s + 4*s + 57, z = -s. Suppose 5*c - 2*c - l = 0. What are the prime factors of c?
19
Let n(g) = -2*g**2 + 4*g - 5. Let o(r) = -r**2 - 1. Let t(j) = -n(j) + o(j). Suppose 6 + 8 = 2*l. List the prime factors of t(l).
5
Let k(z) = 627*z**2 - 2*z - 2. What are the prime factors of k(-1)?
3, 11, 19
Let a(u) = -u + 9. Let y be a(7). Let f = 4 - y. Suppose 3*g = 5*m - 145, 5*m + f*g = -0*g + 120. List the prime factors of m.
2, 13
Let k be (4 - 3)*-1 - -2. What are the prime factors of (-110)/4*(k + -3)?
5, 11
Suppose 2*f + 1056 = 3*f + 4*i, -3*f + 5*i = -3202. What are the prime factors of f?
2, 7, 19
Let j = -27 + 46. List the prime factors of j.
19
Suppose j = -2 - 2. Let m = j + 9. Suppose m*u - 50 = 5*l, -5*u + 0*u = -l - 46. What are the prime factors of u?
3
Let y = 1364 + -153. List the prime factors of y.
7, 173
Let m = 29 + -8. Let o be (2 + -2)/3 - m. What are the prime factors of 696/10 + o/35?
3, 23
Suppose 5*a - 3*a + 2*l - 550 = 0, 4*a + 5*l = 1095. What are the prime factors of a?
2, 5, 7
What are the prime factors of 16/4*(-14)/(168/(-15318))?
2, 3, 23, 37
Let m(y) = y**2 + 6*y - 5. Let r be (26/(-4))/((-5)/(-10)). What are the prime factors of m(r)?
2, 43
Suppose 0 = a - 3*u - 141, a + 2*u = 2*a - 139. What are the prime factors of a?
3, 5
Suppose 3*j + c - 2513 = 0, -4*j - 4*c + 1484 + 1864 = 0. List the prime factors of j.
2, 419
List the prime factors of 415/3*(-14 + 13 + 4).
5, 83
Let l(v) = 4*v**2 - 1. Let o(t) = 5*t**2 - t - 2. Let z(h) = 4*l(h) - 3*o(h). Let j be z(-2). What are the prime factors of (j + -8)/4 - -32?
2, 3, 5
Let l(s) = -s**3 - 8*s**2 + 10*s + 13. Let f be l(-9). Suppose -9*v + 380 = -f*v. What are the prime factors of v?
2, 19
Let u(b) = -23*b**3 - 7*b**2 - 3*b. List the prime factors of u(-5).
3, 5, 181
Let w be 35/14 + 1/(-2). Let v be w/(-6) + (-50)/(-6). Suppose h = 12 + v. List the prime factors of h.
2, 5
Suppose 7 = 3*p + 4*f - 14, 2*p = 2*f + 14. Let l(t) = t**2 + 6*t - 16. Let d be l(p). Suppose -4*w = -d - 57. List the prime factors of w.
3, 11
Let a(o) = -o + 2. Suppose 52 = 2*q + 2*q. Suppose 4*t + 5*b + q = 0, t - 2 + 6 = -b. What are the prime factors of a(t)?
3
Let o be (-40)/4*6/4. What are the prime factors of (-313)/(-15) - 2/o?
3, 7
Let v = 11 + 52. Let d = 30 + v. What are the prime factors of d?
3, 31
Suppose -4*f - s + 4*s = -1386, -4*f - s + 1394 = 0. What are the prime factors of f?
2, 3, 29
Let v(p) = -13 - 2*p - 11 + 26*p**2 + 21 + 40*p**2. List the prime factors of v(-1).
5, 13
Suppose -h + 222 = i, -11*i = -3*h - 9*i + 691. List the prime factors of h.
227
Let h(l) = -3*l + 4. Let n be h(-2). List the prime factors of (9 - n) + 41 + 2.
2, 3, 7
Let u = 7 + -19. Let j(q) = q**2 + q - 7. Let m be j(3). What are the prime factors of (u/m)/(6/(-160))?
2
Suppose 3*q = 2*q - 28. Let v = q - -32. What are the prime factors of v?
2
Let u(k) = -2*k - 11. Let y be u(-7). Suppose 6*o = y*o - 12. What are the prime factors of (-87)/(-4) - o/16?
2, 11
Suppose 0 = -5*m - 4*u + 25, -2*m + 5*u - 2 + 12 = 0. Suppose m*a = 71 + 49. What are the prime factors of a?
2, 3
Suppose -2*y + 3446 = -2*r, -3638 + 176 = -2*y - 2*r. What are the prime factors of y?
11, 157
Suppose 268*d - 271*d = -399. List the prime factors of d.
7, 19
Let o be ((-166)/(-4))/(13/(-52)). Let m = 268 + o. List the prime factors of m.
2, 3, 17
Suppose 0 = -m + 4*b + 412, 4*m - 3*b = 1453 + 247. What are the prime factors of m?
2, 107
Suppose -4*n - 3*c = c - 44, 2*n = 2*c + 18. Suppose -5*a = -n*a + l + 286, 4*a - 3*l - 220 = 0. What are the prime factors of a?
2, 29
Let n be -1*(-4 + 2) + 1. Suppose n*k + b = 13, -4*b - 12 - 11 = -3*k. Suppose 52 = k*w - 3*i, 2*w + 2 = -2*i + 10. What are the prime factors of w?
2
Suppose -h = h - 10. Suppose -454 = -h*s + 146. Suppose 52 + s = 4*r. List the prime factors